-1). Let x(n) = -3*n**2 - 19*n + 16. Let k(b) = -b**2 - 6*b + 5. Let o(y) = -7*k(y) + 2*x(y). Give o(g).
9
Suppose -6*y + 7*y + 4 = 0. Let h(a) = -a**3 - 5*a**2 - 3*a + 2. What is h(y)?
-2
Suppose -5*d + 4*g = -10, -9 = -3*d - 5*g - 3. Let a(m) = 0 - d + 2 + m - m**2. What is a(2)?
-2
Let l = 21 + -18. Let s(j) = -5*j**3 - j**2 + 11*j + 26. Let a = -5 + -6. Let m(n) = -n**3 + 2*n + 5. Let c(i) = a*m(i) + 2*s(i). Determine c(l).
6
Let r(m) = 7*m + 15. Let j(v) = v**2 - 6*v - 5. Let k be j(6). Let f(p) = -4*p - 8. Let a(u) = k*f(u) - 3*r(u). Determine a(-5).
0
Let h be (0 + 0)/((-24)/12). Let c(i) = 6*i**2 - 5*i + 12. Let u(s) = 5*s**2 - 4*s + 11. Let b(p) = -4*c(p) + 5*u(p). What is b(h)?
7
Let c(q) = q. Let s = -1 + 3. Let n(j) = -3*j + 3*j**2 + 2*j**2 - 4*j**s - 6 + 6*j. Let w be n(-5). Calculate c(w).
4
Let n = 6 + -2. Let d = n - 6. Let z(f) be the first derivative of -5*f**2/2 - 3*f - 1. Give z(d).
7
Let a(u) = -5 + u - u + 10 - 2*u. Suppose -4*p = -8*p + 16. Calculate a(p).
-3
Let q(w) = -3*w**2 - 2*w - 1. Let a be q(-2). Let u be (-2)/(-2)*(a - 2). Let r = u + 8. Let s(j) = j**2 + 3*j + 3. Determine s(r).
3
Let q(l) = -5*l. Let m(p) = 4*p - 5*p + 9 - 13. Let b be m(-3). Determine q(b).
5
Let s(q) = -q**2 + 3*q - 5*q - 4*q + 1. Give s(-5).
6
Let i = 1 + -4. Let a(k) be the second derivative of 1/3*k**3 - 3/2*k**2 - 2*k + 0. What is a(i)?
-9
Let x(o) = 4*o**3 - 2*o + 7. Let t(r) = -8*r**3 + 4*r - 15. Let s(d) = -6*t(d) - 13*x(d). Suppose p = 2*p - 1. Determine s(p).
-3
Let v(h) = -h**2 - 3*h. Let n be 91/(-52) + (-2)/8. Give v(n).
2
Let r(i) = -5*i. Let l(a) = -14*a + 1. Let h(c) = -6*l(c) + 17*r(c). Give h(-11).
5
Let x(f) = 3 - 3*f - 1 + 4 - 134*f**2 + 135*f**2. Suppose 3*y - 1 - 11 = 0. Give x(y).
10
Let r(m) be the third derivative of -m**7/840 - m**6/120 + m**5/60 - m**3/6 - 2*m**2. Let k(u) be the first derivative of r(u). Give k(-3).
-6
Let s(i) be the third derivative of i**6/120 - i**5/12 - 7*i**4/24 + i**3/6 + 3*i**2. Give s(6).
-5
Let d(b) = -2*b - 1. Let a = 31 + -27. Determine d(a).
-9
Let z(r) = r**2 + r. Let w(t) = t**3 - 10*t**2 - 5*t - 5. Let q(m) = -w(m) - 5*z(m). Give q(5).
5
Let r(s) be the second derivative of s**4/12 - 2*s**3/3 + 3*s**2/2 + 23*s. What is r(2)?
-1
Let h(a) = 2*a**3 - 2*a**2 - 4 - a + 0*a**3 + 2. Let b = 137 - 135. Calculate h(b).
4
Let j be 1/((-3)/27*1). Let m(x) = -7*x - 1. Let f(i) = i - 1. Let y(p) = -6*f(p) - m(p). Let o be y(j). Let g(h) = -4*h - 1. Determine g(o).
7
Let g be ((-1)/1)/(5/(-10)). Let s(p) = -4 + 2*p**2 - p + 3 - 3*p**g. Suppose 0 = -4*b + 3*w + 3, -1 = 2*b - 0*w + w. What is s(b)?
-1
Let w(f) = -3 - 4 + 2 - f - f**2 + 0*f**2. Calculate w(0).
-5
Let n(q) be the first derivative of -q**3/3 - 11*q**2/2 + 4*q + 37. What is n(-11)?
4
Let u be (-130)/18 + (-6)/(-27). Let d = 5 + u. Let m(l) = -3*l. Determine m(d).
6
Let g(u) be the third derivative of u**6/120 - 11*u**5/60 - 13*u**4/24 + 2*u**3 - 36*u**2. Determine g(12).
0
Suppose 0 = -s - 2*s + 6. Let v(b) be the first derivative of b + 2 + 1/2*b**2 + 1/3*b**3 - 1/4*b**4. Calculate v(s).
-1
Let x(s) be the first derivative of -s**3/3 + 3*s**2/2 + 3*s + 2. Suppose 3*a - 12 = 2*g - 7*g, a + g - 2 = 0. Let d be a/(-4) + 44/16. Determine x(d).
3
Let z(f) = -2*f + 3. Let t be 8/12*(-3)/(-2). Suppose 5*u + 10 = 0, -j = -3*u - 5 - 4. Let b be t/((3/2)/j). Give z(b).
-1
Let u(w) = 6 + 4*w**2 + 0 - 19*w**3 + w**2 + 10*w + 24*w**3. Suppose 0*f = 5*f - 20. Let c(d) = d**3 + d. Let z(o) = f*c(o) - u(o). Determine z(-4).
2
Let v = 2 + -8. Let u(l) = l + 7. What is u(v)?
1
Let i = 5 - -5. Let x be 2/5*(-50)/i. Let j be (x/4)/((-2)/(-8)). Let s(m) = -2*m**3 - 2*m**2 + 2*m + 2. Determine s(j).
6
Let s be (-2)/11 - (-2)/((-66)/(-105)). Let n(z) = -z**2 + 3*z - 1. What is n(s)?
-1
Let x(t) be the third derivative of -t**5/60 + 3*t**4/8 + t**2 + 7. Determine x(7).
14
Suppose 0 = -3*l + 2 + 4. Suppose -n - n - l = 0. Let z(o) = -8*o**2 + o + 1. Determine z(n).
-8
Suppose -d = -0*d. Let k(y) = -y + 2. Let a be k(d). Let i(s) = -s**3 + 2*s**2 - 2. Calculate i(a).
-2
Suppose 0 = -0*n - n. Let p(v) = -v - 2. Determine p(n).
-2
Let y(t) be the first derivative of -7*t**5/20 - t**3/6 - 2*t + 5. Let x(n) be the first derivative of y(n). Calculate x(-1).
8
Let n(d) = -d + 1. Suppose 0 = 4*f - 5*f + 1. Let m be 0*(f + (-6)/9). Give n(m).
1
Let q(i) be the first derivative of 3*i**4/4 - i**3/3 + i**2/2 - 28. Determine q(1).
3
Let w(l) = -l**3 - 6*l**2 - 6*l - 7. Let v = -13 - -8. Let u be w(v). Let s(t) = 0*t - 2 - t - 1. Give s(u).
-1
Let w be -1 + 2 + 3 + -7. Let r be (-2 + 5 + w)/(-2). Let h(a) = a - 5. Calculate h(r).
-5
Let r be ((-2)/6)/((-8)/(-24)). Let h(s) = -2*s. What is h(r)?
2
Let b = 26 + -26. Let x(z) = z + 8. Give x(b).
8
Suppose -2*n + 5*r = -25, -4*r - r = 4*n + 25. Suppose -4*h + n = 4. Let o(a) = -a. Let j(p) = -2*p. Let c(w) = h*j(w) + 4*o(w). What is c(-2)?
4
Let x(v) = v + 1. Let f(r) be the first derivative of -r**4/4 - 2*r**3 + 2*r - 5. Let u be f(-6). Calculate x(u).
3
Let x(w) = -w - 13 + 10 - w**2 - 1. Determine x(0).
-4
Let f(w) = w**3 - w**2 - w + 12. Suppose 2*d = y - d - 15, 3*y - 5*d - 25 = 0. Give f(y).
12
Let u(w) = 6*w - 8 + 7 + w**2 + 9. Let k be u(-6). Let j = -4 + k. Let g(o) = -o**2 + 2*o + 2. Give g(j).
-6
Let a be (0 - (-5 + 0))/1. Suppose -a*g + y = -28 + 6, g = 5*y + 14. Let i(b) = 2*b + 2. Give i(g).
10
Let b(c) = -c**2 + 5*c + 6. Let q be 6 - (-6 - -4)/(-2). Give b(q).
6
Let d(y) = y**2 + 4*y + 9. Let z(u) = -u**2 - 4*u - 10. Let t(v) = -4*d(v) - 3*z(v). Determine t(-5).
-11
Let p(s) = 2*s - 4. Let t(c) = c + 5. Let v be t(2). Calculate p(v).
10
Let d(w) = 7*w**2 + 15*w - 10. Let q(j) = -3*j**2 - 7*j + 5. Let m(g) = -2*d(g) - 5*q(g). Suppose -2*t - 15 = t. Give m(t).
-5
Let l(s) = s**3 + 5*s**2 + 6*s + 6. Let v be l(-4). Let t(j) = j**2 - 2. Calculate t(v).
2
Let u = 3 + -5. Let d(w) = 3 - 2*w + 0*w - 5 + 5*w. Give d(u).
-8
Let q be 2 - (0 + -2 + 8). Let f(k) = k - 1. Let s(a) = -a**3 + 5*a**2 + 4*a - 2. Suppose 26 = 5*m + 31. Let l(g) = m*s(g) + q*f(g). Give l(6).
-6
Let h(o) = 7*o**3 - 2*o**3 - 3 - 6*o + 0 + 0*o**3. Let b(k) = -k**3 - k**2 + 1. Let l(x) = -4*b(x) - h(x). Give l(5).
4
Let c(i) be the first derivative of -i**3 - i - 3 + 3 + 1. Calculate c(1).
-4
Let c(y) = 29*y. Let v(p) = -5*p. Suppose 4*b + 66 + 70 = 0. Let l(i) = b*v(i) - 6*c(i). Calculate l(1).
-4
Let k = -88 + 93. Let z(j) = -5*j**3 + 8*j**2 + 4*j + 5. Let h(q) = -14*q**3 + 23*q**2 + 12*q + 14. Let g(x) = 4*h(x) - 11*z(x). Determine g(k).
-4
Suppose 2*j - 6 - 10 = 0. Let q = -6 + j. Let p(f) = 6*f - 6*f - q - f. What is p(5)?
-7
Let l(i) = -i**2 - 4*i. Let b(j) = j**2 + 5*j - 1. Let v(h) = 2*b(h) + 3*l(h). Give v(-3).
-5
Let m = 7 - 4. Suppose -2*k = -o - 6, 2*o - 3*o - 11 = -m*k. Let t = o + 1. Let j(a) = -a - 1. What is j(t)?
-6
Let q(j) = 0*j**3 - 7*j**2 + 3*j**2 - 5*j + 2*j**3 + j**3 - 2*j**3. Let s be 2/3 + 13/3. Determine q(s).
0
Suppose -3*x - 1 + 7 = 0, 0 = -3*t - 3*x. Let g be (-4)/t + (1 - 5). Let k be (g - 1) + 6 + -3. Let y(n) = n**2 + n - 8. Give y(k).
-8
Let w(l) = l**2 + 5*l. Let b(t) = 11*t - 60. Let k be b(5). Give w(k).
0
Suppose 3*y + 0*l = -3*l + 12, 2*y - l - 2 = 0. Suppose 7*d - 58 = 110. Let h(c) = d*c - 42*c + 17*c + 1. Give h(y).
-1
Let g = 0 + -2. Let s(d) = -d + 2. Let q(a) = 1. Let w(h) = g*s(h) + 3*q(h). Calculate w(2).
3
Suppose -3*m + 4*m = -30. Let c = 36 + m. Let z(o) = o**2. Let n(l) = -l**3 + 5*l**2 + l. Let a(f) = -n(f) - z(f). Give a(c).
-6
Let m(t) = -t**3 + 3*t**2 + 4*t + 11. Let z(j) = -2*j**3 + 6*j**2 + 8*j + 23. Let r(p) = -13*m(p) + 6*z(p). Give r(4).
-5
Let h(g) be the second derivative of -g**7/1260 - g**6/720 - g**4/3 - g. Let l(z) be the third derivative of h(z). Calculate l(2).
-10
Suppose -4*i + 32 = -3*k, -2*k + 3*i = 10 + 13. Let y be 3*(k/(-6) - 0). Let t(x) = 2*x + 0*x**y - x - x**2. Give t(-1).
-2
Let r be (18/(-6 + 3))/2. Let h(a) = -2*a - 2. Calculate h(r).
4
Let i(o) = 2*o + 9 - 5 - 1 - 4. Calculate i(-6).
-13
Suppose 0 = -4*s + 20, -10 = -4*l + 3*s - 5. Let r(q) be the third derivative of 0 + 0*q - 1/6*q**3 + 1/60*q**l - q**2 - 1/8*q**4. Calculate r(4).
3
Let t be (-6)/(-4)*(-4)/(-2). Let b(u) = u**2 + u - 4 - t + 8. Give b(0).
1
Let j(n) be the third derivative of -n**5/30 - n**4/24 - 